Let b = -5 - -4. Calculate u(b).
-6
Let o(m) = m**3 - 13*m**2 + 8. Let v be o(13). Suppose 4*b + v = 3*w + w, -2 = 3*b - 2*w. Let n(q) = q**3 - b + 7*q**2 + 8 - 2. Give n(-7).
4
Let m(l) = -11*l**3 + 850*l**2 - 12*l - 7. Let o(f) = -2*f**3 + 171*f**2 - 2*f - 1. Let x(d) = m(d) - 5*o(d). Let k = -2 - 0. Give x(k).
-10
Suppose 0 = -3*w - 2*b - b + 21, w = 2*b + 4. Let z(y) = y**2 + 5 + 0 - y - 6 - w*y. Suppose 6*v - 28 = 2*v + 2*t, 3*t + 24 = 3*v. Give z(v).
-7
Let y(a) = -3*a - 2 + 5*a + 1 + 2. Let s(m) = m**3 + 8*m**2 + 7*m - 1. Let j be s(-7). Let c be j/(28/48 + (-3)/9). Give y(c).
-7
Let c(m) = -63*m**3 - 3*m**2 + 2*m. Let t be 12 + (-4 - 3) + -4. Determine c(t).
-64
Let i(d) = d + 9. Let u(v) = v + 7. Let p(w) = -4*i(w) + 3*u(w). Calculate p(-6).
-9
Suppose -444 = 169*n - 1120. Let h(s) = s**2 - 7*s + 17. Determine h(n).
5
Let c(d) = -164*d + 54*d + 51*d + 20 + 52*d. Give c(-10).
90
Let z(c) = 6*c - 9*c - 3*c + 4*c. Let s(v) = -v**2 + 15*v - 8. Let n be s(14). Let r = n - 13. Give z(r).
14
Let i(p) = -4*p**2 + p + 1. Let w(y) = -y**2 - 9*y - 15. Let f = -104 - -99. Let g be w(f). Suppose -k = -g*k - 4. Calculate i(k).
-4
Let v be 8*14/(-16)*(-12)/42. Let i = 20 + -4. Suppose -s - i = -y - v*y, -4*y = -2*s - 18. Let u(j) = -j - 3. What is u(y)?
-10
Let r(b) be the third derivative of -b**6/120 - b**5/15 - b**4/12 + 13*b**3/6 + b**2 - 24*b. What is r(-3)?
10
Let r(s) = 18*s + 178. Let n be (3/(9/(-5)))/(-9*5/(-270)). What is r(n)?
-2
Let l(f) = -309 + 5*f - 310 - 333 + 921 - f. Give l(0).
-31
Let s(x) be the first derivative of 4*x**2 - 121 + 1/3*x**3 - 12*x. Give s(-10).
8
Let q(d) be the second derivative of d**6/720 + d**5/15 - 101*d**4/6 + 2*d + 36. Let j(a) be the third derivative of q(a). What is j(-14)?
-6
Let t(w) = -2*w**2 - 69745 + 139497 - 69744 + 22*w. Calculate t(11).
8
Let k(z) = z**2 + z + 1. Let s be 325/10 + 2/(-4). Suppose 0 = -28*n - 9*n + 1221. Let t = s - n. Calculate k(t).
1
Let v(u) be the third derivative of -u**4/8 + 11*u**3/6 - 2*u**2 + u + 1052. What is v(12)?
-25
Let y(n) be the first derivative of n**5/120 - n**4/8 - 7*n**3/3 - 10. Let o(s) be the third derivative of y(s). Let z = -225 - -222. What is o(z)?
-6
Let r(i) = i**2 - 3*i + 4. Let d(t) = t**2 + 18*t - 146. Let h be d(-24). Let f be -1 + (-9)/h - (-44)/(-88). Give r(f).
4
Let s(z) be the first derivative of -z**4/4 + 3*z**2/2 - 4*z - 1. Let p be (-9)/(-2) - 1/2. Suppose -5*h + 0*h - p*t = 31, 0 = 2*h + t + 10. Determine s(h).
14
Let y(l) = -126*l + 713. Let b(f) = -119*f + 706. Let u(t) = 6*b(t) - 5*y(t). What is u(8)?
-1
Let a(h) = -22*h**3 + 2*h**2 - 4*h + 3. Suppose 23*i - 26*i = -4*d - 27, -5*i + 2*d + 17 = 0. What is a(i)?
-21
Suppose 4*d - 15 = -3*h + 1, -d + 13 = 3*h. Let q(c) = 0 + 4*c + 8*c + 6*c - 19*c - h. Calculate q(-4).
0
Let t(g) = 15831 - 60*g - g**2 - 15828 + 63*g. Suppose 2*y - 6 = -0. What is t(y)?
3
Suppose -3 - 74 = -11*m. Let t(s) = m*s + 1 - s - s**3 - s - 4*s + 9*s**2. Calculate t(9).
10
Suppose 178 = 42*w - 74. Suppose w*m = -m - 21. Let n(v) = v**3 + 4*v**2 + 4*v + 1. What is n(m)?
-2
Let j(o) = o + 158854*o**3 - 8*o + 6*o**2 + 7 - 158855*o**3. Calculate j(6).
-35
Suppose 153*n = -175 + 22. Let k(z) = -z**2 - 4*z**3 - z + 4*z - 5*z - 1 + 9*z**3. Determine k(n).
-5
Let d(p) = -p. Let j(c) = 2*c - 14. Let o be j(-9). Let v = o + 30. Let b be (v/6*1*9)/(-1). Give d(b).
-3
Let x(q) = 7*q**2 + 6. Let i(g) = 7*g**2 - g + 7. Let b(t) = -2*i(t) + 3*x(t). Let o(v) = -5*v**2 - 2*v - 3. Let s(r) = 2*b(r) + 3*o(r). Calculate s(-3).
-4
Let l(o) = -6*o**3 + 2*o**2 - 24*o + 8. Let f(c) = -5*c**3 + 2*c**2 - 19*c + 7. Let z(y) = 5*f(y) - 4*l(y). What is z(3)?
-3
Let o = -102 + 105. Let m(u) = -5*u**2 + o - 425*u + 428*u + 4*u**2. Suppose -2*l - 4 = -z - 14, -3*l + 5*z + 29 = 0. What is m(l)?
3
Let x(h) = -h**3 + h + 1. Let y(u) = 21 + 3*u - 3*u**2 + 18 - 34 - 7*u**3. Let i(c) = -4*x(c) + y(c). Suppose -k = 4*g + 11, g - 4*k - 1 = -3*k. Determine i(g).
15
Let n(d) = 1 - 6*d - 5*d + d**2 + 10. Let u(y) = 8*y**2 - 174*y - 8. Let c be u(22). Let w be (-1)/1 - 6/(c/(-66)). What is n(w)?
1
Let f = -6227 + 6229. Let o(i) = i**2 + i - 1. Determine o(f).
5
Let n(h) = 1 + 6*h - h + 13*h + 0*h + 3. Determine n(-2).
-32
Let r be 5 + ((-120)/(-80))/((-9)/78). Let b(u) = 14*u - 37. Determine b(r).
-149
Let s(v) = 321*v - 9636. Let r be s(30). Let p(j) = 3*j - 2*j - 2*j - 5. Give p(r).
1
Let m(j) = -27*j**2 - 23*j + 9. Let n(d) = 2*d**2 + d + 1. Let c(z) = m(z) + 13*n(z). What is c(-10)?
22
Let i(p) = 23*p**2 - 3*p - 28*p**2 + 4*p. Suppose 4*v - 27 + 8 = 3*u, -10 = 2*u. What is i(v)?
-4
Let a(c) = 2 + 11*c + 2 - c**2 - 2 - 5*c. Let t = -1461 + 1466. What is a(t)?
7
Let u(j) be the first derivative of -j**4/12 - 11*j**3/6 - 3*j**2 - 68*j - 37. Let n(y) be the first derivative of u(y). Determine n(-8).
18
Let h(n) be the second derivative of -n**8/6720 + n**7/504 - n**6/360 + n**5/120 + 77*n**4/6 - 2*n - 29. Let r(q) be the third derivative of h(q). What is r(2)?
9
Let d be -1*(-4 + 5) - -11. Suppose -d*k = 270 + 230. Let q be (k/15)/(12/18). Let f(t) = -t**2 - 4*t + 3. What is f(q)?
-2
Let g(x) = -6*x**2 - 112*x + 39. Let t(y) = -5*y**2 + 783*y - 487. Let d be t(156). Give g(d).
1
Let f(n) = n**2 + 7*n - 29. Let c be f(3). Let b(s) = -11*s - 3 - 2*s + 8*s - c. What is b(3)?
-19
Let u(d) = -7*d**2 + 2*d + 4. Suppose 7*n = 12*n, 3*y - n + 9 = 0. What is u(y)?
-65
Let d(c) = 10*c - 4. Let y(m) = 69*m - 27. Let u be ((-4)/(-3))/(8/(-12) - -1). Let j(n) = u*y(n) - 27*d(n). Let f = -5 - -4. Calculate j(f).
-6
Let p(i) be the third derivative of 11*i**6/40 - 1624*i**2. Let o(z) = -z**2 - 3*z + 1. Let h be o(-3). Calculate p(h).
33
Let x(h) be the first derivative of -h**7/840 + h**6/60 + 7*h**5/120 + h**4/3 - 76*h**3/3 - 17. Let j(l) be the third derivative of x(l). What is j(7)?
8
Let s(w) = -w**2 + 6*w - 3. Let r be 4 + (-13 - -19)/(2/73). Suppose 25*j = -48 + r. Give s(j).
-10
Let b = 5 + 11. Suppose -v = -4*y - 22, 4*y = -v + 5*v - b. Let a(u) = 1. Let s(x) = x**3 + 5*x**2 - 4*x - 4. Let n(g) = 6*a(g) + s(g). What is n(y)?
-10
Let x(s) = 1 - 2*s - 5 + 5. Let f(b) = -4*b + 7 - b + b**3 - 2*b + 2*b + 5*b**2. Let m be f(-6). What is x(m)?
-1
Let a(i) = 15*i**3 + 53*i**2 + 5. Let s(r) = 36*r**3 + 129*r**2 + 12. Let y(g) = 17*a(g) - 7*s(g). Let h be (-5)/((-10)/4) - 1. Determine y(h).
2
Let y be 23/((-138)/720) - (-2)/(-2). Let h = y + 109. Let r(a) = a**2 + 11*a - 12. What is r(h)?
0
Let r(b) = -b**2 + 3*b - 115. Let o(q) = -q**2 + 3*q. Let a(x) = 3*o(x) - r(x). Let l(y) be the first derivative of a(y). Determine l(6).
-18
Let q(y) = y**3 + 6*y**2 + y - 10. Let n be q(-5). Let t(o) be the first derivative of -1/4*o**4 - 3/2*o**2 + 5*o - 7/3*o**3 - n. What is t(-6)?
-13
Let p(w) = -3*w**2 - 6*w - 1. Let q(u) = -2*u**2 - 8*u - 1. Let m(a) = -4*p(a) + 3*q(a). Suppose 2*i = -4*h - 6, 0 = -5*i + 2*h - 18 + 27. Give m(i).
7
Let i(n) = -34*n**3 + 8*n**2 + n - 57. Let r(a) = 51*a**3 - 11*a**2 - 2*a + 80. Let d(b) = 7*i(b) + 5*r(b). Give d(1).
16
Let j(s) = s**3 - 33*s**2 + 135*s + 135. Let v be j(28). Let l(n) = -n + 2. Calculate l(v).
7
Let f be 5 - 8 - (-15 + 1). Suppose -6*n + f*n - 20 = 0. Let o(s) = -3*s**2 + 3*s - 2. Let z(i) = -i**2 - i - 1. Let h(y) = -o(y) + 2*z(y). What is h(n)?
-4
Let d(s) = 3*s**2 + 1 + 0*s + 4*s - 14 + 2. Let t(l) = l**2 - l - 1. Let v be (12/(-10))/(57/190). Let h(f) = v*t(f) + d(f). Determine h(6).
5
Let l(y) be the third derivative of y**6/120 - 3*y**5/10 + 7*y**4/8 - 35*y**3/3 - 25*y**2 - 1. Let x be l(17). Let m(z) = -2*z**2 - z. Calculate m(x).
-6
Let a(v) be the first derivative of v**4/4 + 6*v**3 - 41*v**2/2 - 19*v - 847. What is a(-20)?
1
Let l(i) = i**3 - 7*i**2 - 6*i - 16. Let z be 6/(-22 - (-1729)/76). Calculate l(z).
0
Let q(c) = 2*c**2 + 0*c**3 + 806*c - 10*c**2 + c**3 - 817*c + 17. Calculate q(9).
-1
Let k = -11 - -2. Let j(w) = -w**2 + 8*w + 60. Let p(t) = -2*t**2 + 13*t + 110. Let u(n) = -11*j(n) + 6*p(n). Give u(k).
9
Let n(f) be the second derivative of 0 + 1/360*f**6 - f**3 + 0*f**2 - 12*f - 1/12*f**4 - 7/120*f**5. Let r(t) be the second derivative of n(t). Determine r(6).
-8
Let q be 1*-2*(-6 + 5). Let o(t) = 2*t**2 + 9 + q - 29*t + 42*t. Let i be o(-6). Let a(c) = c**3 - 3*c**2 - 6*c - 7. Give a(i).
13
Suppose -5*p + 29